88.
-111
Evaluate 1 + -5 + -2 - (-32 - -1 - (2209 + -2244)).
-10
Calculate 1 + 5 - (-11 + (0 - 0) + -90 + 109).
-2
Calculate (5 - -22) + (109 - 42) + -35.
59
What is the value of 1314 - 1341 - (7 + -71)?
37
Calculate (27 - -44) + (34 - 74) - -39.
70
0 + -128 + -5856 + 6081
97
What is the value of -8 + (-5 + 16 - 6) - (-7 - (-45 + -7))?
-48
Calculate 7 + (-5 - -11) + -15 - 8 - (0 - -6).
-16
Evaluate -38 + -20 + (11 - -2) + 7.
-38
5 + (13 - 1 - 10) + 2 + -9
0
Evaluate -46 - (-77 + (21 + 32 - 46)).
24
-70 + (172 - (55 - 4))
51
What is 19 + 1 - (65 + -66 - 22)?
43
35 + -5 + -20 + 6 + 28
44
Evaluate (-41 + 20 + 15 - -9) + -41.
-38
What is the value of -32 + -86 + (34 - 20) + 4 + -4 + 3?
-101
What is -68 - -43 - -43 - 47?
-29
What is 39 + (56 - 80) - (-25 + -7)?
47
What is -118 + 120 + (-1 - -4 - -66) - 13?
58
Calculate -87 + 33 + -44 - -55.
-43
Evaluate -18 + (-16 - (-1 - 21)).
-12
Calculate -13 - (-13 + 1 + 0 - (-331 + 303)).
-29
What is -19 + (11 - 6) + 6 + (16 - -75) + 19?
102
What is the value of -11 + (28 - -1) - -23?
41
What is the value of (47 - (15 - (16 + -19))) + 4 + -3?
30
-17 + -81 + 32 + 27 - -98
59
What is -1066 + 1130 - (5 - -3)?
56
What is the value of (0 - 20) + 115 + -46 + -28?
21
Calculate ((1 - -6) + -1 - -13) + (-103 - -14).
-70
What is (2 - 0) + 71 + -105 - -21?
-11
Evaluate (17 - -3 - (-13 + -16 + -53)) + -9.
93
What is the value of 75 + (9 - -8 - (4 - (5 - 8)))?
85
What is -90 - (6 - -58 - 67)?
-87
What is -181 + 100 + 62 + -45?
-64
0 + 34 + -12 + 0 + (-207 - -212)
27
What is the value of (10 - 2) + 9 + (8 - -10 - -5)?
40
Calculate 182 + -129 + (2 - 62).
-7
Evaluate (-39 - (-43 - 16)) + -31.
-11
Calculate -618 - -661 - (10 + 74).
-41
Calculate (0 - (8 + -8)) + -8 + -41.
-49
What is the value of -2074 - -2057 - (-1 + 89)?
-105
What is the value of -20 - (6 - (20 + -55)) - 31?
-92
Calculate 16 - ((-31 - (-4 - 12)) + -7 + 29).
9
What is the value of 0 + 0 + -6 + 4 + 60 - (-48 + 40)?
66
Evaluate -45 - -33 - ((-103 - (-14 + (7 - 0))) + -5).
89
What is (-11 - -22) + -18 + (15 - 14) + 8 + 21?
23
What is the value of -57 + (6 - 3) + -15?
-69
3 + (57 + -15 - -16) + 4
65
Evaluate -48 - (-21 + (-14 - (-10 - 13))).
-36
Calculate (693 - 624) + (-129 - 1).
-61
Calculate 9 + 1 - 7 - (7 - (-19 - 11)).
-34
(-78 - -62 - -12) + 95 + 6
97
-25 - 0 - ((-4 - -72) + (-161 - -113))
-45
What is the value of -43 + 5 + -15 + -52 + 62?
-43
What is 45 - (18 - (-153 - -138 - (-38 - 1)))?
51
What is the value of (0 + (-2 - (2 - 14)) - 8) + -4 - -50?
48
What is the value of 34 + (-18 + 49 - -6)?
71
What is the value of 6 + 7 + (0 - -8) - (-96 - -3)?
114
Calculate (-51 - -63) + (-62 - 0) - (-51 - -33).
-32
Calculate 18 + (-1 - (36 + -52)).
33
What is the value of 2266 - 2263 - (-25 - -1)?
27
What is -36 + 6 + 2 + -3 + -16 + 4?
-43
What is the value of 0 - -14 - (-1682 + 1707)?
-11
Evaluate (1 - 11) + (-25 + 25 + -21 + -15 - 21).
-67
0 + 8 - (-24 + 10 - -30) - (-80 + 2)
70
Calculate -10 - -22 - 6 - -4 - (35 - (5 - 0)).
-20
-41 + 25 + 210 - (-56 - -106)
144
Evaluate 23 + (4 - (-2 - (-100 + 8))).
-63
What is -29 - (-39 + 21) - -41?
30
What is the value of 12 - (19 - 2 - (104 + -107) - 106)?
98
1 + 54 + (166 + -253 - -63)
31
Calculate 142 + -61 + -191 - -44.
-66
Calculate (-1 - -38) + (-11 - -1) + -72 + 25 + 56.
36
What is the value of -18 - 1 - 0 - (-245 + 266)?
-40
What is the value of -86 - (45 + -92 + (87 - 41))?
-85
What is the value of 8 + (-19 - -19 - (7 - 1) - 0) + 46?
48
What is 1 + -72 + 2 - (78 - (68 - -11))?
-68
(-61 - -107) + -9 + -74
-37
Evaluate -10 - (183 - 183 - (24 + -3 + 2)) - -11.
24
What is 13 + 61 - (409 - 322)?
-13
What is 5 + (-85 - -73) + 2 + -3?
-8
What is the value of -7 + -1 - ((333 - 339) + -1 + -14 + -2)?
15
Evaluate (10 - (39 + -37)) + (-40 - 3).
-35
What is the value of (25 - 2) + -40 + 48 + -79?
-48
What is 12 + -12 + 6 + -8 + 4 - -39 - -3?
44
107 + -26 - 60 - (-3 + 6 + -9)
27
What is the value of -8 + (34 - (21 - -47) - -27)?
-15
Calculate 28 + (-100 - -14) + 29.
-29
What is the value of (20 - (6 - -7)) + (0 - -1) - -30?
38
What is (-24 - -112) + -88 + 2?
2
Evaluate (-75 + 86 + -15 + 0 - (10 - 4)) + -19.
-29
What is -20 - (14 + (29 - (-9 + 23) - 37))?
-12
What is (31 - -23 - 39) + (-6 - -35)?
44
Evaluate -15 - 2 - (-109 - (-103 - -72)).
61
Evaluate 24 + (8 - -46 - 32 - -29).
75
Calculate (69 - (24 + -14)) + (5 + -12 - -12 - 10).
54
What is (9 - 11) + (33 - 38 - -11 - (0 - 37))?
41
(-48 - -44) + (1 + 1 - (-80 + 5 + -21))
94
Evaluate -1 - (-1 + 17) - (2074 + -2089) - (12 + 1).
-15
What is the value of 27 + -3 + 28 - 41?
11
Calculate -14 + 24 + -11 + 20 + 12.
31
What is the value of 82 - (14 - ((11 - 11) + -4 + -9 + 22))?
77
(-3 - 31) + 62 - 24
4
Calculate (37 - (69 - -54)) + 7.
-79
-77 + (-132 - -31 - -92)
-86
What is -10 + -4 + (53 - 5 - (72 - 93))?
55
What is 16 - (-5 + 18 + (26 - 28))?
5
Calculate (-62 - (40 + -61)) + 22.
-19
Evaluate -62 + 32 + -27 + 34.
-23
What is the value of (-11 + 16 - 40) + (15 - 42)?
-62
What is the value of 0 + -79 + (5 - 6) + (-17 - -35 - 16)?
-78
What is 57 + -30 + (-10 - 49)?
-32
What is the value of (0 + 1 - 6) + -38 + (-12 - -15)?
-40
Calculate (59 - 20) + -4 + -4 + 2 - 10.
23
What is the value of 16 - (2 - (-20 - -93) - -8)?
79
(-5 - 10) + ((-6 - -7) + 3 - -66)
55
Evaluate -18 + (26 + -17 + -7 - (-2 + -5)).
-9
Calculate -1 - (5 - (12 - (-16 - -13))) - (3 + 37).
-31
What is the value of -34 - (35 - -33 - -17) - -6?
-113
What is -23 - ((4 - (-23 + 36 + 4)) + 33)?
-43
Evaluate 80 - (126 - -17 - 0).
-63
What is the value of (-15 - -39) + (-9 - 0) - (-1 + 11)?
5
Calculate 6 - (-1 - (-14 - -9) - 28).
30
What is (16 - 20) + (-3 - -13) - (-1 - -2 - -2)?
3
What is the value of 29 + -43 + -1 + (-7 + 5 - -51)?
34
What is -13 - (-125 + 54 + 45)?
13
Evaluate -17 - (27 + -84 + 45).
-5
44 - 90 - -94 - (17 + 0)
31
Calculate (-32 - 20) + 44 + 19.
11
What is the value of (145 - 38 - 138) + -93?
-124
Calculate -9 - (6 + (4 - 10)) - (98 + (-43 - -16)).
-80
Evaluate -1 + 10 + (7 - 2 - (-879 + 898)).
-5
469 - 500 - (-1 + -3) - 9
-36
What is (1 - 13) + -96 + (134 - 135)?
-109
(1533 - 1492) + (-1 - -1)
41
26 + 1 - (-669 + 635)
61
What is -2 + 45 - (1509 + -1506)?
40
What is the value of -52 + 59 + (9 - (7 - -5)) + 78?
82
(-92 + 115 - (25 + 4)) + (-2 - -4) + 90
86
What is -148 + (-55 - -158) + 107?
62
What is -31 + (-17 - -30) + 4?
-14
Evaluate (137 - -27) + -235 + (-1 + 1 - -2 - 3).
-72
-43 - (4 - 4 - 2 - (90 - 81) - -7)
-39
Calculate 1 + -56 + 53 + (-6 - (-1 + -5)) + 45.
43
106 + -54 + -67 + (4 - (-98 + -4))
91
Evaluate (-20 + 44 + -20 - -21) + -11.
14
Evaluate 72 - (109 + 37) - 16.
-90
Evaluate -49 + 2 + -915 + 954.
-8
Evaluate (398 - 430) + 0 + 16.
-16
Calculate (1 - -30) + (-49 + 14 - -15 - -11).
22
Calculate (596 - 526) + (0 + 1 - 10).
61
What is -3 - -1 - ((18 - -10) + -29) - (-4 + -30)?
33
What is (0 - 41) + 2487 + -2394?
52
What is -5 + (-21 - 11) + 26 + (-14 - (3 - -1))?
-29
Evaluate -17 - (-18 + -111) - (10 + 10 + (-3 - 4)).
99
What is the value of (-10 - -40) + -1 + (-8 - 85)?
-64
Calculate 1 + 131 + -50 + -38.
44
(-26 + 12 - 13 - -23) + -3 + (0 - -66)
59
What is -4 + (-48 - -22) + 18 + (0 - (3 - 62))?
47
What is (-62 + -1 - (-2 + 3) - 7) + (85 - 81)?
-67
Evaluate (86 - (9 - 11)) + -44.
44
Evaluate 23 - (35 + 49 + -6).
-55
Evaluate (63 - (-21 + 12)) + 59 - (1 + 23).
107
8 - (8 - 0 - (27 + (-43 - 1)))
-17
What is -1 + -1 + -5 + 5 + (-39 - -13)?
-28
What is -66 - (-6 - 15) - (12 - (14 + -5))?
-48
What is the value of (-43 - 43) + (49 - 1)?
-38
What is 25 - (3 - (5 + -2) - (-153 - -143))?
15
Calculate 16 + (59 + -63 - -33).
45
What is (58 - (13 + -9 - 13 - 1)) + 5 + -12?
61
Calculate -169 + 74 - (-29 - (-4 - (8 + 0))).
-78
Evaluate -19 + (35 - (17 + 3)).
-4
What is the value of (-38 - -1) + (2635 - 2673) - -7?
-68
What is -21 + (5 - -9) - (95 + (8 - 20))?
-90
44 - (-97 + 122 - 81)
100
Evaluate -12 - (-2 - -28) - ((4 - 0) + -1 + -10).
-31
What is -15 + 77 - (16 + 2 + -9 - 4)?
57
What is 6 + (18 - 68 - -21)?
-23
Calculate -16 - (3 - 18) - (86 + -6 + 10).
-91
2984 + -2711 - (130 - 4)
147
-2 - ((13 - 27 - (13 + -21)) + 15)
-11
What is 29 + -8 + 6 + -6 + (11 - (-6 - -14))?
24
What is 4 + -3 + -1999 + 2035?
37
Evaluate 22 - ((-206 - -125) + 179).
-76
What is the value of -19 - -42 - (-1 - (-10 - 14))?
0
What is t